{"id":676,"date":"2015-09-30T15:39:47","date_gmt":"2015-09-30T14:39:47","guid":{"rendered":"http:\/\/www.zikadonf.fr\/myspace\/?page_id=676"},"modified":"2015-09-30T15:45:45","modified_gmt":"2015-09-30T14:45:45","slug":"les-intervalles","status":"publish","type":"page","link":"https:\/\/www.zikadonf.fr\/myspace\/les-intervalles\/","title":{"rendered":"Les Intervalles"},"content":{"rendered":"<p style=\"text-align: center;\">Les intervalles \u00e0 partir de la gamme de DO<\/p>\n<p>L\u2019intervalle est une <span style=\"text-decoration: underline;\"><strong>distance entre deux notes<\/strong><\/span>: on l\u2019imagine comme un foss\u00e9 et ses deux bords, plus ou moins larges\u2026<\/p>\n<p>Musicalement, l\u2019intervalle peut \u00eatre tr\u00e8s petit , voir nul: c\u2019est le cas de l\u2019unisson<span style=\"color: green;\"> intervalle entre deux notes SEMBLABLES!!!<\/span><\/p>\n<p><span style=\"line-height: normal;\">Voici leurs noms , leurs \u00ab\u00a0tailles\u00a0\u00bb et leurs \u00ab\u00a0qualit\u00e9s\u00a0\u00bb<\/span><\/p>\n<ul>\n<li>do-do: unisson<span style=\"color: #6eb6d8;\">= <em>la prime <\/em><\/span><span style=\"color: violet;\"> 0<\/span><\/li>\n<li>do-r\u00e9 : 2 notes<span style=\"color: #6eb6d8;\">= <em>la seconde <\/em><\/span><span style=\"color: violet;\"> 1 ton= Majeure<\/span><\/li>\n<li>do-mi : 3 notes<span style=\"color: #6eb6d8;\">= <em> la tierce <\/em><\/span><span style=\"color: violet;\"> 2 tons = Majeure<\/span><\/li>\n<li>do-fa : 4 notes<span style=\"color: #6eb6d8;\">= <em> la quarte <\/em><\/span><span style=\"color: violet;\"> 2 tons 1\/2 = Juste<\/span><\/li>\n<li>do-sol : 5 notes<span style=\"color: #6eb6d8;\">= <em> la quinte <\/em><\/span><span style=\"color: violet;\"> 3 tons 1\/2 = Juste<\/span><\/li>\n<li>do-la : 6 notes<span style=\"color: #6eb6d8;\">= <em> la sixte <\/em><\/span><span style=\"color: violet;\"> 4 tons 1\/2 = Majeure<\/span><\/li>\n<li>do-si : 7 notes<span style=\"color: #6eb6d8;\">= <em> la septi\u00e8me <\/em><\/span><span style=\"color: violet;\"> 5 tons 1\/2 = Majeure<\/span><\/li>\n<li>do-do : 8 notes<span style=\"color: #6eb6d8;\">= <em> l\u2019octave <\/em><\/span><span style=\"color: violet;\"> 5 tons et 2 1\/2 tons =Juste<\/span><\/li>\n<\/ul>\n<p>Tous ces intervalles sont Majeurs, sauf la 4e, la 5e, et 8e qui sont Justes.<br \/>\nLes intervalles Majeurs peuvent \u00ab\u00a0se r\u00e9tr\u00e9cir\u00a0\u00bb ou \u00ab\u00a0s\u2019agrandir\u00a0\u00bb: ils passent par l\u2019\u00e9tat mineurs, m\u00eame diminu\u00e9s, ou augment\u00e9s.<br \/>\nChaque \u00e9tape, chaque changement d\u2019\u00e9tat alt\u00e8re l\u2019intervalle d\u2019 1\/2 ton.<br \/>\nPour les intervalles Justes, ils deviennent directement diminu\u00e9s ou augment\u00e9s.<\/p>\n","protected":false},"excerpt":{"rendered":"<p>Les intervalles \u00e0 partir de la gamme de DO L\u2019intervalle est une distance entre deux notes: on l\u2019imagine comme un foss\u00e9 et ses deux bords, plus ou moins larges\u2026 Musicalement, l\u2019intervalle peut \u00eatre tr\u00e8s petit , voir nul: c\u2019est le cas de l\u2019unisson intervalle entre deux notes SEMBLABLES!!! Voici leurs noms , leurs \u00ab\u00a0tailles\u00a0\u00bb et&hellip; <br \/> <a class=\"button small blue\" href=\"https:\/\/www.zikadonf.fr\/myspace\/les-intervalles\/\">Lire la suite<\/a><\/p>\n","protected":false},"author":1,"featured_media":0,"parent":0,"menu_order":0,"comment_status":"closed","ping_status":"closed","template":"","meta":{"footnotes":""},"class_list":["post-676","page","type-page","status-publish","hentry"],"_links":{"self":[{"href":"https:\/\/www.zikadonf.fr\/myspace\/wp-json\/wp\/v2\/pages\/676","targetHints":{"allow":["GET"]}}],"collection":[{"href":"https:\/\/www.zikadonf.fr\/myspace\/wp-json\/wp\/v2\/pages"}],"about":[{"href":"https:\/\/www.zikadonf.fr\/myspace\/wp-json\/wp\/v2\/types\/page"}],"author":[{"embeddable":true,"href":"https:\/\/www.zikadonf.fr\/myspace\/wp-json\/wp\/v2\/users\/1"}],"replies":[{"embeddable":true,"href":"https:\/\/www.zikadonf.fr\/myspace\/wp-json\/wp\/v2\/comments?post=676"}],"version-history":[{"count":0,"href":"https:\/\/www.zikadonf.fr\/myspace\/wp-json\/wp\/v2\/pages\/676\/revisions"}],"wp:attachment":[{"href":"https:\/\/www.zikadonf.fr\/myspace\/wp-json\/wp\/v2\/media?parent=676"}],"curies":[{"name":"wp","href":"https:\/\/api.w.org\/{rel}","templated":true}]}}