{"id":674,"date":"2015-09-30T15:38:32","date_gmt":"2015-09-30T14:38:32","guid":{"rendered":"http:\/\/www.zikadonf.fr\/myspace\/?page_id=674"},"modified":"2015-09-30T15:38:32","modified_gmt":"2015-09-30T14:38:32","slug":"premieres-notations-des-accords","status":"publish","type":"page","link":"https:\/\/www.zikadonf.fr\/myspace\/premieres-notations-des-accords\/","title":{"rendered":"Premi\u00e8res Notations des Accords"},"content":{"rendered":"<p style=\"text-align: center;\">Premier chiffrage!<\/p>\n<p><span style=\"font-size: 24px; line-height: normal;\">A= LA<br \/>\nB=SI<br \/>\nC=DO<br \/>\nD=RE<br \/>\nE=MI<br \/>\nF=FA<br \/>\nG=SOL<\/span><\/p>\n<p>Quand l\u2019accord est <span style=\"color: red;\">Majeur<\/span>, la lettre reste seule<br \/>\nExemple: B =Si <span style=\"color: red;\">Majeur<\/span><\/p>\n<p>Quand l\u2019accord est <span style=\"color: #6eb6d8;\">mineur<\/span>, la lettre est suivie d\u2019un \u00ab\u00a0m\u00a0\u00bb minuscule, ou d\u2019un \u00ab\u00a0&#8211;\u00a0\u00bb moins, selon les \u00e9ditions<br \/>\nExemple: Cm =DO<span style=\"color: #6eb6d8;\">mineur<\/span><\/p>\n<p>Quand l\u2019accord est alt\u00e9r\u00e9, la lettre est suivie d\u2019un chiffre correspondant \u00e0 la note ajout\u00e9e \u00e0 l\u2019accord parfait<\/p>\n<ul>Exemples:<\/p>\n<li>E 7\/4 = Mi<span style=\"color: red;\">Majeur<\/span>, plus la 7e et la 4e<\/li>\n<li>Fm6 = Fa<span style=\"color: #6eb6d8;\">mineur<\/span>, plus la 6e<\/li>\n<\/ul>\n","protected":false},"excerpt":{"rendered":"<p>Premier chiffrage! A= LA B=SI C=DO D=RE E=MI F=FA G=SOL Quand l\u2019accord est Majeur, la lettre reste seule Exemple: B =Si Majeur Quand l\u2019accord est mineur, la lettre est suivie d\u2019un \u00ab\u00a0m\u00a0\u00bb minuscule, ou d\u2019un \u00ab\u00a0&#8211;\u00a0\u00bb moins, selon les \u00e9ditions Exemple: Cm =DOmineur Quand l\u2019accord est alt\u00e9r\u00e9, la lettre est suivie d\u2019un chiffre correspondant \u00e0&hellip; <br \/> <a class=\"button small blue\" href=\"https:\/\/www.zikadonf.fr\/myspace\/premieres-notations-des-accords\/\">Lire la suite<\/a><\/p>\n","protected":false},"author":1,"featured_media":0,"parent":0,"menu_order":0,"comment_status":"closed","ping_status":"closed","template":"","meta":{"footnotes":""},"class_list":["post-674","page","type-page","status-publish","hentry"],"_links":{"self":[{"href":"https:\/\/www.zikadonf.fr\/myspace\/wp-json\/wp\/v2\/pages\/674","targetHints":{"allow":["GET"]}}],"collection":[{"href":"https:\/\/www.zikadonf.fr\/myspace\/wp-json\/wp\/v2\/pages"}],"about":[{"href":"https:\/\/www.zikadonf.fr\/myspace\/wp-json\/wp\/v2\/types\/page"}],"author":[{"embeddable":true,"href":"https:\/\/www.zikadonf.fr\/myspace\/wp-json\/wp\/v2\/users\/1"}],"replies":[{"embeddable":true,"href":"https:\/\/www.zikadonf.fr\/myspace\/wp-json\/wp\/v2\/comments?post=674"}],"version-history":[{"count":0,"href":"https:\/\/www.zikadonf.fr\/myspace\/wp-json\/wp\/v2\/pages\/674\/revisions"}],"wp:attachment":[{"href":"https:\/\/www.zikadonf.fr\/myspace\/wp-json\/wp\/v2\/media?parent=674"}],"curies":[{"name":"wp","href":"https:\/\/api.w.org\/{rel}","templated":true}]}}